ltiple of 254?
False
Does 180 divide 1534389955?
False
Does 13 divide 934036960?
False
Is 319442022 a multiple of 3913?
False
Does 78 divide 70313568?
True
Is 621008484 a multiple of 1183?
False
Is 218 a factor of 73363976?
True
Does 9 divide 93473397?
True
Is 40075925 a multiple of 244?
False
Is 9 a factor of 39387258?
True
Does 10 divide 26221860?
True
Is 389629557 a multiple of 26?
False
Does 81 divide 91386334?
False
Is 116 a factor of 10700541?
False
Does 11 divide 13844919?
True
Is 7277877 a multiple of 46?
False
Is 4569660 a multiple of 226?
False
Does 192 divide 118130411?
False
Is 22300434 a multiple of 39?
True
Is 82 a factor of 1348455478?
True
Does 597 divide 428822712?
True
Does 1738 divide 46956557?
False
Is 1651996812 a multiple of 618?
True
Does 180 divide 24829740?
True
Is 85 a factor of 46309661?
False
Does 185 divide 8732555?
True
Is 243 a factor of 581130126?
True
Is 4 a factor of 92638345?
False
Is 2192 a factor of 918220032?
True
Does 146 divide 108740508?
True
Does 8 divide 482472924?
False
Does 145 divide 1771619047?
False
Does 10 divide 392140?
True
Is 177 a factor of 1681181754?
True
Is 100 a factor of 25488731?
False
Is 149008200 a multiple of 520?
False
Does 8 divide 230946896?
True
Does 1044 divide 55202705?
False
Is 218425428 a multiple of 78?
True
Is 16774090 a multiple of 166?
False
Does 198 divide 8504892?
True
Does 420 divide 418703328?
False
Does 34 divide 194919035?
False
Is 3101 a factor of 542098214?
True
Is 2854028 a multiple of 76?
True
Does 631 divide 19085495?
False
Is 43 a factor of 262589550?
False
Is 10628721 a multiple of 141?
True
Does 595 divide 48239030?
True
Is 2516931299 a multiple of 140?
False
Is 2706 a factor of 650830080?
False
Is 1043 a factor of 268762326?
True
Is 24 a factor of 45830170?
False
Is 13525292 a multiple of 1281?
False
Does 151 divide 14562078?
False
Does 131 divide 731766?
True
Is 2548 a factor of 707198222?
False
Does 11 divide 2432416614?
False
Is 2326170858 a multiple of 9286?
True
Does 58 divide 416810195?
False
Is 13832016 a multiple of 16?
True
Is 258105862 a multiple of 43?
False
Is 272656745 a multiple of 1283?
True
Does 60 divide 11007296?
False
Does 16 divide 3697680?
True
Does 7 divide 19350123?
False
Is 69841188 a multiple of 9?
True
Is 6 a factor of 411944118?
True
Is 50381986 a multiple of 1843?
False
Is 28334205 a multiple of 27?
True
Is 551381464 a multiple of 146?
False
Does 4897 divide 606243703?
True
Is 4444268675 a multiple of 948?
False
Does 27 divide 1567005885?
True
Is 23602078 a multiple of 650?
False
Does 167 divide 7041195?
False
Is 1719503138 a multiple of 998?
False
Is 14 a factor of 16301768?
True
Does 1362 divide 1794538512?
True
Is 20 a factor of 1303285360?
True
Is 1290 a factor of 53428762?
False
Is 22 a factor of 1370644155?
False
Is 49160065 a multiple of 716?
False
Is 645995350 a multiple of 715?
True
Is 40 a factor of 73742640?
True
Is 313822410 a multiple of 1266?
True
Does 906 divide 128507067?
False
Is 13 a factor of 1471808938?
False
Is 251 a factor of 281337366?
True
Is 14582276 a multiple of 23?
True
Does 945 divide 309294720?
True
Is 32 a factor of 429718400?
True
Is 26 a factor of 68325868?
True
Is 6189141 a multiple of 49?
True
Is 1312 a factor of 82728108?
False
Does 224 divide 1011772832?
True
Is 25 a factor of 27318459?
False
Is 21 a factor of 46665046?
False
Is 121 a factor of 90948440?
True
Is 105 a factor of 175701218?
False
Is 50188920 a multiple of 1010?
True
Is 15 a factor of 6109572015?
True
Does 638 divide 322738042?
True
Is 36 a factor of 161917728?
False
Is 658 a factor of 713679960?
True
Is 6 a factor of 234970069?
False
Is 4 a factor of 37204673?
False
Is 3949 a factor of 132571879?
True
Does 182 divide 720343655?
False
Is 50627640 a multiple of 60?
True
Does 124 divide 57005794?
False
Is 3 a factor of 179890846?
False
Is 314655029 a multiple of 360?
False
Does 7 divide 143458687?
False
Does 1499 divide 237684438?
True
Is 57 a factor of 658619325?
True
Is 49 a factor of 1302893133?
False
Is 15 a factor of 1901037678?
False
Is 175122923 a multiple of 2024?
False
Is 56 a factor of 121056320?
True
Is 487 a factor of 542715722?
True
Does 2 divide 12994164?
True
Does 103 divide 815897299?
True
Does 81 divide 40855266?
True
Is 14 a factor of 2777300850?
False
Is 10162640180 a multiple of 44?
True
Is 1645 a factor of 259709310?
True
Is 96 a factor of 112243104?
True
Is 49925022 a multiple of 1029?
True
Is 27511169 a multiple of 2297?
True
Is 986 a factor of 2595152?
True
Is 14 a factor of 173661880?
True
Is 357 a factor of 64241793?
True
Is 1831 a factor of 1744385099?
False
Is 80619840 a multiple of 1806?
True
Does 533 divide 5817695?
True
Does 25 divide 3646812?
False
Does 790 divide 74620459?
False
Is 1395 a factor of 733455366?
False
Is 11439941 a multiple of 97?
False
Is 19533817 a multiple of 1729?
False
Does 801 divide 1536191442?
True
Is 1112 a factor of 3227612242?
False
Does 4 divide 116360412?
True
Is 91294755 a multiple of 145?
True
Is 5359221 a multiple of 331?
True
Is 283369341 a multiple of 10?
False
Is 2560 a factor of 152518426?
False
Does 57 divide 206218134?
True
Is 46504352 a multiple of 1818?
False
Is 153 a factor of 44907489?
True
Does 2835 divide 115154865?
True
Does 88 divide 28981073?
False
Is 106957698 a multiple of 1732?
False
Is 14685548 even?
True
Does 967 divide 253683747?
True
Is 519 a factor of 25402025?
False
Does 6958 divide 14723128?
True
Does 1041 divide 12931302?
True
Is 13583240 a multiple of 88?
True
Is 1216 a factor of 401649674?
False
Is 1453931581 a multiple of 1688?
False
Is 455 a factor of 322039445?
True
Does 361 divide 45189980?
True
Does 10231 divide 2247111210?
False
Does 106 divide 945489260?
True
Does 3601 divide 515335509?
True
Is 5 a factor of 38131702?
False
Does 123 divide 123284023?
False
Is 5654016 a multiple of 288?
True
Is 14 a factor of 292044536?
True
Is 10537497 a multiple of 4?
False
Is 668 a factor of 65686020?
False
Is 1974182923 a multiple of 41?
True
Does 1674 divide 497601522?
True
Is 6444 a factor of 3536505864?
True
Is 9121 a factor of 1218993604?
False
Is 129 a factor of 34090443?
True
Is 102 a factor of 347469222?
True
Is 6651121 a multiple of 19?
True
Is 71 a factor of 415925340?
False
Is 3 a factor of 187538087?
False
Does 4 divide 144087676?
True
Is 623719448 a multiple of 22?
True
Is 91730817 a multiple of 112?
False
Does 145 divide 9068031?
False
Does 4 divide 404850080?
True
Is 9 a factor of 24109425?
True
Is 1260 a factor of 48363864?
False
Does 24 divide 1438674552?
True
Is 92993299 a multiple of 205?
False
Is 60747395 a multiple of 2471?
False
Is 82677856 a multiple of 137?
True
Is 339348856 a multiple of 308?
True
Does 2365 divide 111819565?
True
Does 1555 divide 5743620136?
False
Is 192 a factor of 350456064?
True
Does 37 divide 1261194654?
True
Is 239096088 a multiple of 2121?
True
Is 480 a factor of 285883981?
False
Does 23 divide 451044950?
True
Does 1290 divide 279816271?
False
Is 155441006 a multiple of 12?
False
Is 1977551467 a multiple of 15?
False
Does 33 divide 1127884866?
False
Is 94 a factor of 50247606?
True
Does 52 divide 1585300652?
True
Does 5 divide 202957535?
True
Does 1870 divide 71858490?
True
Is 176 a factor of 281739040?
True
Is 85 a factor of 81050209?
False
Is 166 a factor of 330393529?
False
Does 5153 divide 20426492?
True
Is 46667996 a multiple of 7?
False
Is 1301512244 a multiple of 194?
True
Is 54046233 a multiple of 17?
False
Is 61934240 a multiple of 5?
True
Is 75 a factor of 382764300?
True
Does 294 divide 30338448?
True
Does 12 divide 216466425?
False
Does 14 divide 13338332?
True
Is 43 a factor of 834690759?
True
Is 523 a factor of 952834872?
True
Is 12 a factor of 75277624?
False
Is 496251982 a multiple of 6?
False
Does 7136 divide 1195398031?
False
Is 1291 a factor of 8250781?
True
Does 817 divide 3169734294?
False
Is 113276160 a multiple of 30?
True
Is 559870454 a multiple of 682?
False
Is 1766986 a multiple of 23?
False
Is 1007 a factor of 176662038?
True
Does 184 divide 123464?
True
Is 143 a factor of 356255185?
True
Is 2409 a factor of 448481121?
True
Is 342 a factor of 294799092?
False
Is 71898442 a multiple of 7?
True
Does 12 divide 75496529?
False
Is 19500462 a multiple of 1071?
False
Is 3497 a 